93 is divided by 5158?
4613
What is the remainder when 596680 is divided by 13876?
12
What is the remainder when 4821013 is divided by 1607002?
7
Calculate the remainder when 1360792 is divided by 113381.
220
Calculate the remainder when 31746596 is divided by 31746586.
10
Calculate the remainder when 1343445 is divided by 6490.
15
What is the remainder when 26248 is divided by 26214?
34
What is the remainder when 14693689 is divided by 699?
10
Calculate the remainder when 11550708 is divided by 66004.
8
Calculate the remainder when 15249 is divided by 366.
243
Calculate the remainder when 31636 is divided by 6314.
66
What is the remainder when 148690 is divided by 74141?
408
Calculate the remainder when 1266678 is divided by 5202.
2592
Calculate the remainder when 4232991 is divided by 348.
267
Calculate the remainder when 67263 is divided by 21890.
1593
Calculate the remainder when 81968 is divided by 6796.
416
Calculate the remainder when 628322 is divided by 4248.
3866
Calculate the remainder when 2061325 is divided by 4018.
91
What is the remainder when 394516 is divided by 70?
66
Calculate the remainder when 1989868 is divided by 57.
55
Calculate the remainder when 3309906 is divided by 13734.
12
Calculate the remainder when 325520 is divided by 108464.
128
Calculate the remainder when 16108526 is divided by 133.
98
Calculate the remainder when 1972711 is divided by 657523.
142
Calculate the remainder when 18335 is divided by 4121.
1851
Calculate the remainder when 34974972 is divided by 27.
9
Calculate the remainder when 129715 is divided by 194.
123
Calculate the remainder when 5058851 is divided by 4.
3
Calculate the remainder when 2666662 is divided by 1704.
1606
What is the remainder when 3756419 is divided by 751278?
29
Calculate the remainder when 149048 is divided by 442.
94
Calculate the remainder when 505998 is divided by 658.
654
Calculate the remainder when 56107677 is divided by 69.
51
Calculate the remainder when 2027126 is divided by 21797.
5
What is the remainder when 17656 is divided by 5861?
73
Calculate the remainder when 728017 is divided by 25074.
871
What is the remainder when 1001417 is divided by 500658?
101
What is the remainder when 33993 is divided by 844?
233
What is the remainder when 131218 is divided by 736?
210
What is the remainder when 9058765 is divided by 147?
37
What is the remainder when 36642059 is divided by 65?
64
Calculate the remainder when 9404342 is divided by 1880867.
7
What is the remainder when 6196573 is divided by 6196572?
1
What is the remainder when 21743981 is divided by 316?
21
What is the remainder when 5813371 is divided by 543?
13
What is the remainder when 8717828 is divided by 2237?
239
Calculate the remainder when 134684 is divided by 44205.
2069
Calculate the remainder when 2718240 is divided by 830.
820
Calculate the remainder when 132527 is divided by 894.
215
What is the remainder when 3473342 is divided by 732?
2
What is the remainder when 11377704 is divided by 3792564?
12
What is the remainder when 439074 is divided by 314?
102
Calculate the remainder when 103260 is divided by 205.
145
What is the remainder when 2878542 is divided by 139?
130
What is the remainder when 30486 is divided by 7290?
1326
Calculate the remainder when 143371 is divided by 10231.
137
Calculate the remainder when 345305 is divided by 85819.
2029
Calculate the remainder when 23193 is divided by 23051.
142
What is the remainder when 40820 is divided by 5969?
5006
Calculate the remainder when 1242974 is divided by 207113.
296
What is the remainder when 123327 is divided by 881?
868
What is the remainder when 20484379 is divided by 70880?
59
What is the remainder when 51283 is divided by 24900?
1483
Calculate the remainder when 4895 is divided by 4211.
684
Calculate the remainder when 664194 is divided by 8566.
4612
What is the remainder when 612235 is divided by 122397?
250
Calculate the remainder when 2136612 is divided by 534135.
72
Calculate the remainder when 1224474 is divided by 611973.
528
Calculate the remainder when 6503 is divided by 1619.
27
What is the remainder when 91319 is divided by 22492?
1351
What is the remainder when 77224467 is divided by 1054?
1049
Calculate the remainder when 527029 is divided by 2584.
2477
What is the remainder when 9289577 is divided by 3953?
27
Calculate the remainder when 22387 is divided by 10828.
731
Calculate the remainder when 2380390 is divided by 23.
5
Calculate the remainder when 2123892 is divided by 17999.
10
Calculate the remainder when 107281069 is divided by 191.
189
Calculate the remainder when 15746 is divided by 2091.
1109
Calculate the remainder when 59828723 is divided by 25.
23
Calculate the remainder when 942509 is divided by 78.
35
Calculate the remainder when 912873 is divided by 2056.
9
Calculate the remainder when 2321962 is divided by 1972.
918
Calculate the remainder when 422815 is divided by 348.
343
Calculate the remainder when 12925849 is divided by 2532.
2521
Calculate the remainder when 41168463 is divided by 155.
153
Calculate the remainder when 254227 is divided by 56.
43
What is the remainder when 262788 is divided by 11939?
130
What is the remainder when 4064361 is divided by 1450?
11
Calculate the remainder when 504680 is divided by 123.
11
Calculate the remainder when 2484399 is divided by 158.
7
What is the remainder when 3889374 is divided by 16?
14
What is the remainder when 62034068 is divided by 29?
23
What is the remainder when 33988 is divided by 26328?
7660
Calculate the remainder when 40679857 is divided by 40679812.
45
Calculate the remainder when 1666010 is divided by 132.
38
Calculate the remainder when 53354156 is divided by 1360.
1356
Calculate the remainder when 385520 is divided by 952.
912
Calculate the remainder when 2612969 is divided by 7641.
7388
Calculate the remainder when 41877709 is divided by 1330.
1329
What is the remainder when 80573430 is divided by 687?
9
Calculate the remainder when 17921999 is divided by 325854.
29
What is the remainder when 106173371 is divided by 165?
161
What is the remainder when 2028703 is divided by 225255?
1408
What is the remainder when 5722236 is divided by 2860683?
870
Calculate the remainder when 4436525 is divided by 201657.
71
Calculate the remainder when 1358664 is divided by 339649.
68
Calculate the remainder when 717396 is divided by 23140.
56
What is the remainder when 1836455 is divided by 330?
5
Calculate the remainder when 13066833 is divided by 13066809.
24
What is the remainder when 5649924 is divided by 2152?
924
What is the remainder when 1318488 is divided by 2483?
15
Calculate the remainder when 7502 is divided by 92.
50
Calculate the remainder when 6021678 is divided by 5056.
5038
What is the remainder when 2929119 is divided by 729?
726
Calculate the remainder when 106207656 is divided by 5626.
28
Calculate the remainder when 11520001 is divided by 411419.
269
Calculate the remainder when 11048211 is divided by 28922.
7
Calculate the remainder when 455208 is divided by 4947.
84
Calculate the remainder when 8846222 is divided by 236.
234
What is the remainder when 672609 is divided by 65?
54
What is the remainder when 188379 is divided by 188320?
59
Calculate the remainder when 423689 is divided by 3475.
3214
Calculate the remainder when 1266708 is divided by 44.
36
What is the remainder when 1747295 is divided by 20801?
11
Calculate the remainder when 578794 is divided by 344.
186
What is the remainder when 1613785 is divided by 5489?
19
Calculate the remainder when 1740503 is divided by 10360.
23
What is the remainder when 138330048 is divided by 11?
10
Calculate the remainder when 10545 is divided by 360.
105
Calculate the remainder when 59421234 is divided by 14.
12
What is the remainder when 12172257 is divided by 10?
7
What is the remainder when 33378616 is divided by 57?
43
Calculate the remainder when 419628 is divided by 419592.
36
Calculate the remainder when 74189 is divided by 65814.
8375
What is the remainder when 3803251 is divided by 1267748?
7
Calculate the remainder when 23607870 is divided by 429234.
0
Calculate the remainder when 39315 is divided by 2088.
1731
Calculate the remainder when 5629713 is divided by 461.
442
Calc